x) - w(x). Suppose 0*c = 4*c. What are the prime factors of s(c)?
2, 3, 5
Suppose -4*j = n - 33197, -3*j - 16602 = -5*j - 4*n. What are the prime factors of j?
43, 193
Let v(s) = -305*s + 3721. List the prime factors of v(-34).
3, 7, 11, 61
Let v be (658/(-6) + -2)/((-4)/24). Suppose -v - 347 = -9*g. What are the prime factors of g?
113
Let z be ((-20)/(-3))/((-4)/24). Let m = z - -45. Suppose 3*l = -m*s + 99, -2*l - 2*s + s = -73. What are the prime factors of l?
2, 19
List the prime factors of (-14 - -19) + 1409 + -2.
2, 353
Let n = 1434 + -923. Let i = 229 + n. What are the prime factors of i?
2, 5, 37
Let p = 16478 + 3068. List the prime factors of p.
2, 29, 337
List the prime factors of 234296/18 + (-680)/1530.
2, 1627
Let y(t) = 110*t + 53. Let k(i) = -112*i - 50. Let g(w) = 4*k(w) + 3*y(w). List the prime factors of g(-4).
431
Suppose 42 - 172 = -5*d. Let a(w) = -145*w - 5. Let y be a(-1). Suppose -y = -k + d. List the prime factors of k.
2, 83
Let f(m) = 17*m**2 + 132*m - 167. List the prime factors of f(-30).
11173
Let p(w) be the third derivative of -3*w**5/40 + w**4/8 + w**3/6 - 15*w**2. Let j(x) be the first derivative of p(x). List the prime factors of j(-5).
2, 3
Let w(c) = 12206*c + 12. What are the prime factors of w(1)?
2, 41, 149
Let r = 31630 + -17329. What are the prime factors of r?
3, 7, 227
Suppose -4*i - 300 = 224. Let o(j) = 4*j**2 - 21*j - 36. Let z be o(6). Let w = z - i. What are the prime factors of w?
113
Suppose 4*c = 3*o + 24, 5*c = 2*o + 2*o + 31. Suppose -i + c = -0. Suppose 4*n - 491 = i*m, -5*n - 5*m + m = -637. List the prime factors of n.
5
Suppose 5*m + 2*s - 160 = 0, -m + 0*m - 4*s + 32 = 0. List the prime factors of 1 + 19396/m - (-5)/(-40).
607
Suppose -246270 = 5949*y - 5964*y. List the prime factors of y.
2, 8209
Let q(k) = -7*k**2 + k**2 + 4*k + 1 - 10 + 2*k**3. Let c = 1234 + -1230. What are the prime factors of q(c)?
3, 13
Let v = 45 - -690. Let j = -283 + v. What are the prime factors of j?
2, 113
Let x = -154 + 228. List the prime factors of (-1083)/(-38)*x/3.
19, 37
Suppose -12*l - 1 = -25. List the prime factors of ((-13)/(910/42))/(l/(-1270)).
3, 127
Let r be (-127530)/(-75) - (-3)/5. Let z = -1145 + r. Suppose -5*j - 3*w + 692 = w, 4*w = -4*j + z. What are the prime factors of j?
2, 17
Let t = 202 - -263. Let j = -98 + t. Suppose -5*s + j + 628 = 0. What are the prime factors of s?
199
Suppose 4*m + 10 = -a - 21, 5*a + 11 = -2*m. Let t(i) = 10 - 7*i**2 - 1585*i**3 + 1584*i**3 + 9 + 5*i. List the prime factors of t(m).
43
Let g(w) = 21*w + 62. Let m be g(-2). Let n(l) = l**3 - 7*l**2 + 6*l + 1. Let f be n(6). List the prime factors of 8/(m/15 - f).
2, 3
Suppose 4*q - 2*p + 174 = 702, 5*q = -5*p + 690. Let z = q - 30. List the prime factors of z.
2, 13
Let j(k) = 34*k - 91. Let p(c) = -18*c + 46. Let y(d) = 3*j(d) + 5*p(d). List the prime factors of y(29).
5, 61
Let v(o) = 433*o - 4991. List the prime factors of v(81).
2, 13, 89
Let m(b) = 2*b**2 - 7*b - 10. Let y be m(4). What are the prime factors of (-237)/(-18) - 13 - 929/y?
5, 31
Let i(z) = 4*z + 9. Let b be i(-4). Let w(n) = n**2 + 9*n + 17. Let c be w(b). Suppose 4*u + u = -c*h + 354, -3*h + u = -372. List the prime factors of h.
3, 41
Suppose 0 = -2*p - 5*r + 116 + 39, -r + 76 = p. Let m = p - 70. Suppose -m*u + 0 = -370. List the prime factors of u.
2, 37
Let a(b) = -b**2 - 10*b - 11. Let j be a(-9). Let i be (-5)/((-5)/(-2)) - (-58)/j. Let r = 53 - i. List the prime factors of r.
2, 3, 7
Let s(r) = -36*r**3 - 3*r**2 + 11*r + 39. List the prime factors of s(-4).
2251
Suppose 0 = 3*y - 2*y - 2. Suppose y*k - 10 = -18. Let l(t) = -2*t**3 - 3*t**2 - 3*t - 12. What are the prime factors of l(k)?
2, 5
Let p be (-19)/(-4 + 3*(-620)/(-468)). Let z = p - -284. List the prime factors of z.
5, 41
Suppose -5*r - 4*d - 1 = -26, -2*r = 3*d - 10. Let o(l) = 2*l + 1 - 13 + 22 + r. What are the prime factors of o(-3)?
3
Let r(g) = -2*g**2 - 34*g - 4. Let i be r(-27). Let b = -294 - i. What are the prime factors of b?
2, 5
Let k = 4 - 0. Suppose -3*f - 518 = -5*w, w + 0*f = -k*f + 122. What are the prime factors of w?
2, 53
Let c be ((-48)/(-32))/((-1)/(-210)). Suppose 1266 = 5*z + 2*l - 349, z + 2*l = c. What are the prime factors of z?
5, 13
Let y(q) = -q**3 - 31*q**2 - 39*q + 366. What are the prime factors of y(-36)?
2, 3, 5, 11
Let a be 5 - (11*1 - (11 + -9)). Let m(v) = 48*v**2 + 8*v + 13. What are the prime factors of m(a)?
7, 107
Suppose -513758 = -47*o + 453596. List the prime factors of o.
2, 41, 251
Suppose -39*f = 224958 - 829731. List the prime factors of f.
3, 1723
Suppose -z + 4 - 11 = 0. Let n be (z + 9)/(1 + 0). Suppose -4*w + 0*w - n*x = -286, 2*x - 138 = -2*w. What are the prime factors of w?
2, 37
Let o = -9448 + 24526. List the prime factors of o.
2, 3, 7, 359
Let l(i) = i**3 + 2*i**2 - 2. Suppose -5*k + 3*j = -13 - 5, 3*k - 4*j = 2. List the prime factors of l(k).
2, 11, 13
Let d = 2861 - -658. List the prime factors of d.
3, 17, 23
Let f(k) = -k**3 - 7*k**2 + 19*k + 2. Let z = 143 - 139. Suppose z*h = -3*p - 18, 2*h = 4*p - 5*p - 4. What are the prime factors of f(p)?
2, 7
Suppose -p + 40 = d - 25, 2*p = 5*d - 332. Suppose -5*g = -16*g - d. List the prime factors of ((-744)/(-16))/(g/(-32)).
2, 31
Let y(i) = -2*i + 32. Let s be y(14). Let x be 3 - 1*(s + -4). Suppose -x*f = 6*f - 1926. What are the prime factors of f?
2, 107
Suppose 3*w - 76 = x, -w + 3*x + 36 + 0 = 0. Suppose -2*h - 11198 = -w*h. List the prime factors of h.
509
Suppose 2*i + 5*u = 18, 0*i = -4*i - 3*u + 22. Suppose -4*r + 5089 = 3*w + 602, -3374 = -3*r - i*w. What are the prime factors of r?
2, 13, 43
Let s(d) = 439*d + 14583. List the prime factors of s(-9).
2, 3, 443
Let m = 36 - 24. Let y = m - 45. Let i = -18 - y. What are the prime factors of i?
3, 5
Let u = -350 - -522. Suppose 65*b = 64*b + u. Let k = -84 + b. What are the prime factors of k?
2, 11
Let x = -52 - -3. Let a = x + 109. Let u = -17 + a. What are the prime factors of u?
43
Suppose 0 = 5*w + 4 - 14. Suppose -x + 104 = -w*k, -5*x - 4*k + 464 = -0*k. Suppose o + 2 - 203 = -2*i, -i - 5*o + x = 0. List the prime factors of i.
101
Suppose 101*g = 109*g - 72. What are the prime factors of ((-6)/g)/((-5)/5670)?
2, 3, 7
Suppose -8*v + 5*v - 3*v = 0. Let h = v - -3. Suppose -2*f - h*d = -f - 139, -3*f = 3*d - 405. What are the prime factors of f?
7, 19
Let y be 0 - -1 - (-1 - 6). Suppose -y = 2*c, -3*a + 234 = -2*a + 3*c. Suppose -8*s = -2*s - a. What are the prime factors of s?
41
List the prime factors of 0*(-5)/30 - ((-100)/(-10) + -41029).
3, 11, 113
Let y = -11914 - -18083. What are the prime factors of y?
31, 199
Let g = -1264 - -2247. Let x = g + -140. What are the prime factors of x?
3, 281
Let o be (8/(-6))/(3/(-99)). Suppose 2 = 4*c - 42. Let h = o - c. What are the prime factors of h?
3, 11
Suppose -24*w = -18*w - 13494. Let z = w - 785. What are the prime factors of z?
2, 3, 61
Suppose -4*l + 4*y + 14884 = 0, -3*l + 4366 + 6795 = -y. What are the prime factors of l?
2, 3, 5, 31
Let m(x) = -29783*x**3 - 76*x**2 - 78*x - 3. What are the prime factors of m(-1)?
2, 14891
Let i(y) = -y**2 + 8*y + 4. Let w be i(12). Let b = 47 + w. Suppose 2*s - b*r - 365 = 0, 5*r + 159 = 3*s - 387. What are the prime factors of s?
11, 17
Let w be 1 + (-9)/7 + (-320)/(-140). Suppose -u + 0 = 5*i - 30, -12 = -w*i - 3*u. Suppose i*f - 726 = -0*f. What are the prime factors of f?
11
Suppose -6*x = -7*x. Suppose -5*s = -x*s. Suppose -j + 21 = 4*d, -2*d - 6 = -s*d. List the prime factors of j.
3, 11
Let t = -1290 + 1861. Suppose t*d - 1047 = 568*d. What are the prime factors of d?
349
Suppose 0 = 2*v - 2*l - 14, -9*l + 8*l = 3*v - 9. Suppose v*h = 0, -3*i - h = -5*h + 12. List the prime factors of (i/(-5))/(5 - (-1246)/(-250)).
2, 5
Suppose -12*l - 2672 + 14408 = 0. Suppose 2*p - 3*t - 512 = 0, t + 289 = 5*p - l. What are the prime factors of p?
11, 23
Suppose 8*m + 9156 = 2*k + 12*m, -4*k = -2*m - 18272. List the prime factors of k.
2, 5, 457
Suppose -255763 = -73*a + 206619. What are the prime factors of a?
2, 3167
Suppose 3*w = -5*r - 2966, 0 = -11*r + 6*r - 5*w - 2960. Let a = 292 - r. List the prime factors of a.
887
Suppose -5*m - 5*t = -24386 - 16474, 3*m = 2*t + 24496. List the prime factors of m.
2, 102